common divisor of 150348 and 24.
12
Calculate the greatest common factor of 712 and 12728.
8
Calculate the greatest common divisor of 1990002 and 6.
6
What is the highest common divisor of 53388 and 36?
36
What is the highest common factor of 546030 and 225?
45
What is the highest common factor of 1818 and 37370?
202
Calculate the highest common divisor of 16 and 401244.
4
Calculate the highest common divisor of 17292 and 2244.
132
What is the highest common factor of 108928 and 368?
368
Calculate the greatest common divisor of 405756 and 468.
468
Calculate the highest common divisor of 13150 and 325.
25
What is the greatest common factor of 1193528 and 112?
56
Calculate the greatest common factor of 2232 and 1956.
12
Calculate the greatest common divisor of 72 and 6189.
3
What is the greatest common divisor of 108 and 4704?
12
Calculate the greatest common divisor of 153 and 5292.
9
What is the greatest common divisor of 88650 and 630?
90
What is the highest common factor of 8 and 161384?
8
Calculate the greatest common factor of 586431 and 207.
207
What is the greatest common divisor of 351 and 34476?
39
What is the greatest common divisor of 702 and 5018?
26
Calculate the highest common factor of 3416 and 16357516.
1708
Calculate the greatest common factor of 1435 and 9485.
35
Calculate the greatest common divisor of 37 and 144.
1
What is the highest common divisor of 4207 and 1253?
7
What is the greatest common factor of 26 and 2213159?
13
Calculate the highest common factor of 3522226 and 109.
109
Calculate the highest common divisor of 3221515 and 385.
55
Calculate the highest common divisor of 1745457 and 42.
21
Calculate the greatest common divisor of 7595736 and 408.
408
Calculate the highest common factor of 200812 and 1220.
244
Calculate the highest common factor of 286 and 383578.
26
Calculate the greatest common divisor of 12402 and 3042.
234
Calculate the highest common factor of 1991 and 4163.
181
What is the highest common factor of 15708 and 88968?
132
Calculate the greatest common divisor of 15876 and 12.
12
Calculate the greatest common divisor of 4559 and 470.
47
Calculate the greatest common divisor of 610 and 100955.
305
Calculate the greatest common factor of 190114 and 1368.
38
Calculate the greatest common divisor of 375228 and 4284.
252
Calculate the greatest common divisor of 2071 and 1853.
109
What is the highest common factor of 42486 and 30?
6
Calculate the highest common divisor of 233523 and 243.
243
What is the highest common factor of 15 and 426705?
15
Calculate the highest common divisor of 413 and 57043.
7
Calculate the highest common factor of 912 and 7856.
16
What is the highest common factor of 3473 and 8607?
151
What is the highest common divisor of 244 and 297131?
61
What is the greatest common factor of 1182 and 9653?
197
What is the highest common divisor of 4155 and 1560?
15
What is the greatest common divisor of 3783 and 3978?
39
Calculate the highest common divisor of 40 and 260.
20
Calculate the greatest common divisor of 9921 and 6.
3
Calculate the highest common divisor of 1580 and 10.
10
Calculate the greatest common divisor of 5460 and 930.
30
Calculate the greatest common divisor of 52 and 69808.
4
What is the highest common divisor of 1221220 and 427?
427
Calculate the highest common divisor of 126 and 513342.
18
What is the greatest common factor of 2398 and 12?
2
Calculate the highest common divisor of 8388 and 289852.
932
What is the highest common divisor of 450219 and 22?
11
What is the highest common factor of 67308 and 1580?
316
What is the highest common factor of 46288 and 66?
22
Calculate the highest common divisor of 594 and 7084.
22
Calculate the highest common divisor of 575 and 6425.
25
Calculate the greatest common factor of 60 and 72255.
15
Calculate the highest common divisor of 4071202 and 394.
394
What is the greatest common divisor of 1738 and 23012?
22
What is the highest common divisor of 23005 and 7955?
215
What is the greatest common factor of 14144 and 2703?
17
Calculate the highest common divisor of 35630 and 840.
70
What is the highest common factor of 554 and 38?
2
Calculate the highest common divisor of 192 and 5265984.
192
What is the greatest common factor of 252 and 576?
36
What is the greatest common divisor of 1113 and 3738?
21
Calculate the highest common factor of 3243 and 2538.
141
Calculate the greatest common divisor of 267268 and 19184.
436
What is the highest common divisor of 243 and 95418?
81
What is the highest common factor of 102675 and 225?
75
Calculate the highest common divisor of 1465475 and 44.
11
Calculate the highest common factor of 200 and 2804680.
40
Calculate the greatest common factor of 24 and 397116.
12
What is the highest common divisor of 136 and 6222?
34
Calculate the greatest common divisor of 39369 and 264.
33
Calculate the highest common factor of 6399 and 237.
237
What is the highest common divisor of 218557 and 19?
19
What is the highest common factor of 36309 and 54397?
133
What is the greatest common divisor of 75 and 5400?
75
What is the highest common divisor of 12692 and 722?
38
What is the greatest common factor of 506 and 27554?
46
What is the highest common factor of 516809 and 1278?
71
What is the greatest common divisor of 669519 and 5430?
543
What is the greatest common divisor of 201679 and 738?
41
What is the highest common divisor of 3422 and 406?
58
What is the greatest common divisor of 386565 and 15?
15
Calculate the highest common factor of 7 and 418831.
7
Calculate the highest common factor of 14400 and 12288.
192
What is the highest common divisor of 71043 and 10353?
357
What is the greatest common divisor of 102 and 49758?
6
What is the highest common factor of 88 and 17672?
8
Calculate the greatest common divisor of 201 and 94671.
201
What is the greatest common factor of 101808 and 23856?
336
What is the greatest common factor of 44334 and 1296?
54
Calculate the greatest common factor of 1081 and 16491.
23
What is the greatest common divisor of 462 and 2190958?
154
Calculate the highest common divisor of 34 and 194412.
34
What is the greatest common factor of 1435 and 455?
35
Calculate the highest common divisor of 13067 and 1611.
179
What is the greatest common divisor of 227760 and 1404?
156
What is the highest common factor of 2068154 and 33?
11
Calculate the highest common factor of 99 and 320463.
99
What is the highest common factor of 2314 and 182?
26
What is the highest common divisor of 3503808 and 1232?
1232
What is the highest common divisor of 40846 and 78?
26
Calculate the highest common factor of 1245 and 166581.
249
Calculate the greatest common divisor of 1359065 and 85.
85
Calculate the highest common divisor of 18 and 9942.
6
What is the highest common factor of 112530 and 27588?
726
Calculate the highest common factor of 84585 and 300.
15
Calculate the highest common factor of 13568 and 2816.
256
What is the highest common factor of 83296 and 137?
137
Calculate the highest common divisor of 11960 and 8372.
1196
Calculate the greatest common divisor of 242370 and 90.
90
Calculate the highest common divisor of 34196 and 824.
412
Calculate the highest common factor of 336 and 85260.
84
Calculate the highest common factor of 7364 and 88088.
28
What is the greatest common factor of 520 and 46345?
65
What is the highest common factor of 3458 and 14364?
266
Calculate the greatest common factor of 96 and 1228224.
96
What is the greatest common factor of 524 and 19?
1
Calculate the greatest common divisor of 11008 and 80.
16
What is the highest common factor of 28849 and 113699?
1697
What is the greatest common divisor of 1096 and 189334?
274
What is the highest common divisor of 415883 and 13?
13
What is the greatest common factor of 220750 and 1250?
250
Calculate the greatest common divisor of 418984 and 1328.
664
Calculate the greatest common divisor of 55632 and 11856.
912
Calculate the greatest common divisor of 102352 and 80.
16
What is the highest common divisor of 436 and 36?
4
What is the highest common divisor of 2519 and 352?
11
What is the highest common factor of 56 and 402?
2
Calculate the greatest common divisor of 20856 and 64.
8
What is the greatest common factor of 14122